 k?
7
Let v(w) = w**2 - w + 1. Let a(x) = 7*x - 7. Let m(h) = a(h) + 5*v(h). Let n be m(2). What is the units digit of n/3 + 7/(-21)?
7
Let r = 6 + -4. What is the units digit of r?
2
Let m(i) = 6*i - 10*i**2 - 5 + 1 - i**3 - 6 - 5. What is the units digit of m(-11)?
0
Let s(x) be the third derivative of x**5/24 - x**4/8 - x**3/6 + 2*x**2. Let h(d) be the first derivative of s(d). What is the units digit of h(2)?
7
Let t = 161 - 74. What is the tens digit of t?
8
Suppose -15 = -0*v - 5*v. Let a = v - -27. What is the tens digit of a?
3
Suppose 2*l - o + 0 = 2, -4*o - 8 = -5*l. Suppose -3*u = -0*u + 18. Let b = l - u. What is the units digit of b?
6
Suppose -317 = -5*j + 8. Suppose 0 = -w - 4*w + j. What is the tens digit of w?
1
Suppose 18*c + c = 6973. What is the hundreds digit of c?
3
Let r be 5*(-2)/(-5) - -2. Suppose -a + 25 = r*a. What is the units digit of a?
5
Let j(d) = -d**2 + 16*d + 16. What is the tens digit of j(8)?
8
Let j = 364 + -191. What is the hundreds digit of j?
1
Let w(i) = 6*i**2 + 2*i. What is the units digit of w(2)?
8
Suppose -2*o = -6 - 0. Suppose -k + 168 = o*k. What is the units digit of k?
2
Let s(v) = 4*v - 6. Let q be s(5). Let l = -6 + q. Suppose l + 9 = 5*x - u, 2*u = 6. What is the units digit of x?
4
Let o = 18 - 13. Let r = 49 - o. What is the units digit of r?
4
Let c(i) = -4*i**3 + 3*i**3 + i - 4*i. Let j be c(-3). Suppose j = 4*q + 8. What is the units digit of q?
7
Suppose -3 = -2*a - 3*t + 32, 60 = 4*a - 4*t. What is the tens digit of a?
1
Let y(s) = s**3 + 3*s**2 - 17. Let i(u) = -u**3 - 4*u**2 + 16. Let z(q) = 7*i(q) + 6*y(q). What is the units digit of z(-10)?
0
Suppose -4*d + 99 = -65. What is the tens digit of d?
4
What is the units digit of 4 + (-4)/(-2 + 4)?
2
Let l = -164 - -258. What is the units digit of l?
4
Let d(r) = -r**3 - 8*r**2 - 8*r - 10. Let b be d(-7). Let j be (-5)/(-3 - 6/b). Suppose 9 = 3*q, -2*q - 82 = -j*x - q. What is the tens digit of x?
1
Suppose v = 100 + 90. What is the units digit of v?
0
Suppose -x + 12 + 2 = 5*k, 3*k - 4*x + 10 = 0. What is the units digit of (4/3)/(k/3)?
2
Let d be 114/8 + (-6)/24. Suppose -4 = -i + d. What is the units digit of i?
8
Let i = 20 + -17. Suppose -5*p - 89 = -2*o, 0 = -8*o + 3*o - i*p + 207. What is the tens digit of o?
4
Suppose 0 = j - 22 - 4. Let k = j + 0. What is the tens digit of k?
2
Let x(q) = -20*q**3 + 2*q**2 - 1. Let b be x(1). Let p(n) = -5*n + 7. Let d be p(-5). Let r = d + b. What is the units digit of r?
3
Suppose 2*l - 15 = 9. What is the tens digit of l?
1
Let v = -9 + 12. Suppose -12 - 39 = -v*k. What is the units digit of k?
7
Let s be (-271)/(-7) + (-4)/(-14). Suppose 3*h = 2*h - 28. Let b = s + h. What is the units digit of b?
1
Let r(f) = 2*f. Let o be r(5). What is the units digit of 4/o - (-226)/10?
3
Let x(d) = -d**3 + 4*d**2 + d + 4. What is the tens digit of x(-3)?
6
Suppose -134 = -5*k - z, 0*z + 2*z = -2*k + 60. What is the units digit of k?
6
Let s(f) = 2*f**2 - 2*f + 1. Suppose 2*p - 2*l = 2, 4*p = -3*l + 14 - 3. What is the units digit of s(p)?
5
Suppose -3*j - 3*g + 118 = -g, 93 = 3*j - 3*g. What is the units digit of j?
6
Let j(l) = l**2 + 3*l + 4. Let n be j(-4). Suppose -4*g + 0*g = -n. What is the units digit of g?
2
Let b = 213 - 135. What is the units digit of b?
8
Suppose -5*a + 938 = -3*n + 255, -5*n + 159 = a. What is the units digit of a?
9
Let l be 6/(-3) - (1 - 6). Suppose 3*v + 0 = l. What is the units digit of v?
1
Let i(l) = l**3 + 6*l**2 - 4*l - 1. What is the units digit of i(-6)?
3
Suppose -5*i + c = 10 - 26, -i = -2*c + 4. What is the units digit of 75/i + (-2)/(-8)?
9
Let n = -33 + 19. Suppose 4*j = -5*j - 126. What is the units digit of 4/j + (-46)/n?
3
What is the units digit of 22 - ((2 - 2) + -3 - -6)?
9
Suppose n + 12 = -n + 3*v, 5*v = 2*n + 20. Suppose 3*f = 5*f - 2*l - 14, -4*l - 12 = n. What is the units digit of f?
4
Suppose 4*y - 52 = 224. What is the tens digit of y?
6
Let t be 78/30 + 3/(-5). Suppose t*o - 5*x = 31, -4*o = -o + 5*x - 84. What is the units digit of o?
3
Let a be (-7)/(-3) + 4/6. Suppose 3*b + 17 = v, -a*b + 2*v - 27 = 2*b. What is the units digit of (1 + 0)/(b/(-56))?
8
What is the hundreds digit of 7288/40 + (-1)/5?
1
Suppose -3*n - 4*t = -4*n + 10, 8 = n - 3*t. Suppose -5*q = -2*v, -3*q = 2*v - 3*v + n. Let b = -9 - v. What is the units digit of b?
1
Suppose -10 = 5*d - 0*d. Let t(o) be the first derivative of -o**2 - o + 1. What is the units digit of t(d)?
3
Let f = -29 + 38. What is the units digit of f?
9
Suppose -4*u + 33 = -u. Suppose -u = -c + 28. What is the units digit of c?
9
What is the units digit of 1 + (-1 - (-136)/(4/1))?
4
Let k = -784 + 1120. What is the hundreds digit of k?
3
Suppose -3*t + 2*t = 0. Suppose r + 0*r - 6 = t. Let q = r + -4. What is the units digit of q?
2
Suppose 206 + 89 = -5*x. Let j = -14 - x. What is the tens digit of j?
4
Let s(z) = -z**2 + 36. What is the tens digit of s(0)?
3
Suppose r - 15 = -2*r. Suppose 6*p - p = r, 3*p = -t + 12. What is the units digit of t?
9
Let k be 1/(-2) - 2/(-4). Suppose 0*a + 4*a - 20 = k. What is the units digit of a?
5
Let v(m) = -4*m - 8. Suppose 55 = -5*i + 3*w, -2*w = -5*i - 31 - 19. What is the units digit of v(i)?
4
Suppose 4*x = 5*g - 1289, -2*g + 3*x - 97 + 607 = 0. What is the hundreds digit of g?
2
Suppose -44 = -3*d + 31. What is the tens digit of d?
2
Let f(q) = -q**3 + q - 26. Let n be f(0). What is the units digit of 4/n + 140/65?
2
Let s = -6 + 5. Let c = -3 - -4. What is the units digit of (8 - 5) + (c - s)?
5
Suppose d + 2*n + 22 = 4*n, -3*n = 5*d + 97. Let x = d - -57. What is the tens digit of x?
3
Let w(b) = 5*b - 2. Let n = 1 - -3. Let h be w(n). Let r = -11 + h. What is the units digit of r?
7
Suppose -2*q - 3 = -5. Let b(j) = -j - j + 0*j - q + 0. What is the tens digit of b(-6)?
1
What is the units digit of ((-116)/16)/(6/(-48))?
8
Suppose 0*g = -2*g - 12. Suppose 0*b + 2*b = -14. Let l = g - b. What is the units digit of l?
1
Let y be 4/5*(16 - 11). Suppose -x - 5 = 0, -b + 70 = y*b - x. What is the tens digit of b?
1
What is the tens digit of (4/12)/(994/(-996) - -1)?
6
Suppose 0 = -2*l - 15 - 19. Let o = -7 - l. What is the units digit of o?
0
Suppose 0 = 4*u - n - 939, -3*u = -n + 4*n - 708. What is the units digit of u?
5
Let i = -18 - -35. What is the units digit of i?
7
Let p(z) = z + 1. Let x(i) = i**2 + 5*i + 12. Let a(k) = -5*p(k) + x(k). What is the units digit of a(5)?
2
Let b(l) = 2*l**3 + 2*l**2 - 2*l. Let t be b(-2). Let o be (-2)/2 + (t - -4). What is the units digit of (-10)/((-2)/(o/(-1)))?
5
Let a be 15*(21/9 + -2). Suppose x - 2 = -3*k - 2*k, 5*x + a*k = 50. What is the units digit of x?
2
Suppose -d + 2*a + 115 = 0, 3*d - 347 = 4*a - 0*a. What is the units digit of d?
7
Let q(d) = 1. Let z(s) = -2*s - 21. Let i(y) = 3*q(y) + z(y). Let u = -18 - -6. What is the units digit of i(u)?
6
Let i = 2 + 1. Let s = i - -1. Suppose 0 = 3*t - s - 14. What is the units digit of t?
6
Suppose 3*n - 6 = 2*a, 5*n - 5 = -3*a + 5. Suppose -n*q + q = -8. What is the units digit of q?
8
Let i(t) = 4*t**3 + 2*t**2 - t. What is the units digit of i(1)?
5
Let w = 122 - 91. What is the units digit of w?
1
Let h(w) = 4*w - 52. What is the units digit of h(18)?
0
Let p(i) = 4*i**3 + i**2 + 3*i - 2. What is the hundreds digit of p(4)?
2
Let v(b) = -3*b - 7. Let n(f) = f**3 + 2*f**2 + 2*f. Let w be n(-2). What is the units digit of v(w)?
5
Let i = -1 - -4. Suppose -2*q + i*h = 5, 3*q - 8 = 6*q - 5*h. Let s = q + 5. What is the units digit of s?
4
Let q = 9 + -1. Let i be 1 - 3/((-6)/q). Suppose -4*h + 3 + i = 0. What is the units digit of h?
2
Let r(g) be the first derivative of 1/2*g**2 + 7*g + 1/4*g**4 + 5/3*g**3 - 1. What is the units digit of r(-5)?
2
Suppose 3*d = 8*d - 10. Let o be (-8)/d*(1 + 0). What is the units digit of o - -6 - (-1 + 2)?
1
Let q be (-306)/(-10) + (-6)/10. Let h be (-1)/6 + 65/q. Suppose h*c = 2*v - 8, c - 20 = -3*v - 2*v. What is the units digit of v?
4
Let w(s) = s - 2*s + 6 - 4. Let u be w(-4). What is the tens digit of -5*2*u/(-4)?
1
Let k = 10 - 19. Let v = k - -3. What is the units digit of (-8)/v*(-90)/(-12)?
0
Let c(f) = -f**3 + 11*f**2 - 4*f + 8. What is the tens digit of c(10)?
6
Let a = 5 - 1. Let n = -2 + a. What is the units digi